8*(r - 1). Calculate the greatest common factor of 81 and h.
9
Let c = 1 - -3. Suppose c*o = -o + 20. Suppose 3*j + j = -4, o*j + 30 = 2*k. Calculate the highest common divisor of 91 and k.
13
Let f be 1/(-3) + (-31)/(-3). Suppose 2*g - 7 = -o + 3*g, 2*o + 11 = -3*g. Let w be ((-5)/f)/(o/(-8)). Calculate the highest common divisor of 22 and w.
2
Suppose 2*y - 3*v = 43, 0*y + 3*y = -v + 70. What is the greatest common factor of 230 and y?
23
Suppose 5*k - 124 - 291 = 0. Suppose -4*u - 27 + 208 = -t, 2*u + t = k. What is the greatest common divisor of 11 and u?
11
Let l(w) = 2*w**2 - 2. Let i be l(2). Let q be (6/5)/(i/(-15)). Let y be -1 - q/(9/228). Calculate the greatest common factor of y and 15.
15
Suppose -2*s = 6, 2*m - 11 = -2*s + s. Calculate the highest common factor of m and 14.
7
Let p(r) = -23*r + 2. Let y be p(-6). Calculate the greatest common factor of y and 56.
28
Suppose 0 = -4*w - 2*h + 3*h + 229, w - h = 61. What is the highest common divisor of 8 and w?
8
Suppose 5*u + 75 = 5*s - 0*u, -2*u = -3*s + 40. Suppose s = i - 0*i. Let k = 61 + -1. Calculate the highest common factor of k and i.
10
Suppose 3*u - 3*x + 6*x - 12 = 0, 3*u - 3*x = 30. What is the highest common factor of u and 7?
7
Let k = -4 - -44. Calculate the greatest common factor of k and 8.
8
Let o = 15 - 13. Suppose 12 = -4*a, -5*z + a = -o*z - 75. Calculate the highest common divisor of z and 24.
24
Let w(i) = 5*i**2 - 2*i. Let m be w(4). What is the greatest common factor of m and 24?
24
Let b(f) = -2*f**2 + 15*f + 9. Let k be b(8). What is the highest common divisor of 4 and k?
1
Suppose 0 = 2*g + 4*q - 12, 2*g = q + 11 - 4. Suppose g*l + 20 = 4*x, -34 = -3*x - 2*x - 4*l. Calculate the highest common factor of 2 and x.
2
Suppose -5*j + 25 = 0, -3*d + 5*j - 4 = 15. Let f = -18 + 26. Calculate the highest common divisor of d and f.
2
Let l(h) be the third derivative of -5*h**4/24 + 5*h**3/6 - 8*h**2. Let m be (0 + 14/(-4))*2. Let x be l(m). What is the greatest common divisor of 5 and x?
5
Suppose g = -0*g + 72. Suppose -2*v = 2*v + g. Let h be ((-16)/(-12))/((-4)/v). What is the greatest common factor of 4 and h?
2
Let i be (4 - -14) + (1 - 3). Calculate the greatest common factor of i and 80.
16
Suppose -o = -5*f + 30, 0 = -f - f - 3*o - 5. Let q(s) = 3*s**2 - 2*s - 1. Let r be 4/(-6)*12/2. Let n be q(r). Calculate the greatest common factor of n and f.
5
Let t be 288/20 + (-4)/10. Suppose 0 = -3*k + 62 + 148. Suppose -k = f - 2*f. What is the greatest common divisor of f and t?
14
Let a(t) = t**2 + 6*t + 4. Let q be a(-5). Let g be (1 - -3) + 32 + q. Calculate the greatest common factor of 14 and g.
7
Suppose 5*v - 1106 = 649. Let q be v/18 - (-6)/4. What is the highest common divisor of q and 7?
7
Let u(y) = 2*y**2 - 2*y. Let w be u(2). Suppose d + 0*d - 38 = 2*f, 20 = -w*f. Calculate the greatest common divisor of d and 4.
4
Let m(j) = -j**3 - 11*j**2 - 5*j - 10. Let w be m(-10). Let t be (-1)/5 - 1212/w. What is the highest common divisor of 20 and t?
20
Suppose 3*t + t - 33 = -5*r, 8 = 4*t. Calculate the highest common factor of 1 and r.
1
Let h = 27 - 19. Let k be (-4 - -10)*(-2 - -6). What is the greatest common divisor of h and k?
8
Let m be 12/(-10)*(-70)/21. Suppose g - 8 + m = 0. Suppose g*x + 101 = 5*y, 0*y + 5*y = -3*x + 108. What is the highest common divisor of 7 and y?
7
Let u(z) = z**2 + 140. Let d be u(0). Calculate the highest common divisor of d and 20.
20
Let i be -1 + 3 - (33 - -2). Suppose -4*c = -0*c - 3*f - 195, -c - 5*f = -43. Let t = i + c. What is the greatest common factor of 6 and t?
3
Suppose 3*x + 8 = -x, -3*k = 2*x - 29. Suppose 0*z + 3*z = 264. Calculate the greatest common factor of k and z.
11
Let u be (15/6)/(2/276). Calculate the highest common divisor of u and 15.
15
Suppose -2*y = y + 12, 4*j + 5*y = 68. Let r be 20/(-50) - (-167)/5. Calculate the highest common divisor of j and r.
11
Suppose -5*m + 5 = -0. Let w be 90 + -1 + m/(-1). Calculate the highest common divisor of 8 and w.
8
Let r be ((-14)/3)/(4/12). Let b be 16/(-56) + (-32)/r. Let z be 2/4 + 54/4. Calculate the highest common factor of z and b.
2
Suppose 35 = 5*o + 3*g, -5*o + 22 = -g - 13. Calculate the highest common factor of 28 and o.
7
Let d be 7/(0 + 1/2). Let y be (3 - 3) + 366 - 0. Let c = y + -254. What is the greatest common divisor of c and d?
14
Suppose -2*i + 12 = -6*i. Let o be ((-30)/9 + -2)*i. Let b be 4/(-6) + 16/6. Calculate the greatest common divisor of b and o.
2
Let t = 13 + -10. Suppose 5*d + 2*z - 39 = -2*z, t*d - 29 = -z. Calculate the highest common factor of 121 and d.
11
Let g be 20/(0 - 2 - -3). Let u = 52 - g. What is the highest common factor of u and 8?
8
Suppose 3*t + z - 133 = 0, -5*z = 3*t - 10*z - 145. Calculate the highest common factor of 9 and t.
9
Let a(b) = b**2 + 2*b - 9. Let z be a(-5). Calculate the highest common factor of 2 and z.
2
Let h(d) = d**2 + 12*d + 14. Let p be h(-11). Suppose -s = 3*s + p*g, 0 = -5*g. Let c be 49 - (-2)/(1 + s). Calculate the highest common factor of c and 17.
17
Suppose -4*k - 5 = -41. What is the greatest common divisor of k and 9?
9
Let a(i) = -i**2 - 7*i + 8. Let m be a(-6). Calculate the greatest common factor of 154 and m.
14
Let m(u) = u**2 - 7*u + 2. Let g(v) = -v**2 + 5. Let t be g(0). Suppose 2 = r - t. Let n be m(r). Calculate the greatest common divisor of n and 5.
1
Suppose -4*u + a + 94 = 0, -a - a = 4*u - 100. What is the highest common factor of 3 and u?
3
Let o(g) = 20*g. Let a be o(3). Calculate the highest common factor of 12 and a.
12
Let j = -78 - -100. Calculate the highest common factor of 143 and j.
11
Suppose 4*g = -g + 15. Suppose -4*c - 181 = 5*v - 695, -g*c = -4*v - 370. Calculate the highest common divisor of c and 18.
18
Let k be 23 + 12/(-3) + 0. Calculate the highest common divisor of k and 76.
19
Suppose 0 = -4*i - 0*u + 4*u + 20, 0 = -i + 5*u - 11. Calculate the greatest common factor of 9 and i.
9
Let a be 4 - (0 - 0)/(-1). What is the highest common factor of 4 and a?
4
Let i(m) = -m**3 + 3*m**2 + 3*m - 2. Let k be i(2). Let x be ((-12)/(-5))/(21/280). Calculate the highest common divisor of k and x.
8
Suppose -4*u + 2754 = -u. Suppose 2*k = 4*j - 732, -k - u = -5*j - 0*k. What is the highest common factor of j and 23?
23
Let c be (-575)/(-46)*(-28)/(-10). What is the greatest common factor of 105 and c?
35
Let u(q) = -2*q + 4*q - 5*q + 8 + 4*q. Let x be u(-8). Suppose x = -5*j + 51 + 4. What is the highest common divisor of 11 and j?
11
Suppose -4*p + 5*f = -3, 9 = 4*p - 0*f + f. Calculate the greatest common divisor of 16 and p.
2
Suppose q - 3*q = 3*u - 4, 0 = 5*q - 4*u - 10. Let w be -30*q/20*-4. What is the greatest common factor of w and 96?
12
Let g be (1*-1*6)/(-1). Calculate the greatest common factor of 15 and g.
3
Let s = 10 - 7. Suppose -5*g - 217 = -2*r, 0 = r - 3*g - 109 + s. Let j = 10 + 1. Calculate the greatest common factor of j and r.
11
Let k(v) = v**3 + 5*v**2 + 3. Let z be k(-3). Calculate the highest common divisor of z and 7.
7
Suppose -120 = w + 3*w. Let k = 45 + w. Let f be -2 + (-2)/((-2)/k). Calculate the highest common factor of f and 117.
13
Let m be 0/((-1)/1) - -56. Let t be (-4 - 20/5)*-1. Calculate the greatest common divisor of t and m.
8
Let h be (-15)/(-20) + (-66)/(-8). Calculate the highest common divisor of 81 and h.
9
Let j be 276/16 - 1/4. Suppose 0 = -0*z + z + j. Let g be 2 - 0 - 3 - z. What is the highest common divisor of 2 and g?
2
Let k(y) = 4*y**2 - y + 3. Let b be k(3). What is the highest common factor of b and 396?
36
Suppose -3*x = -5*a + 4 + 17, x + 14 = 4*a. Let s be (-198)/(-12) + a/6. What is the highest common divisor of s and 85?
17
Suppose 18 = d - 3*z, 0 = d - 3*z + 7*z - 46. What is the highest common divisor of d and 10?
10
Let o be (-14592)/(-208) + 4/(-26). What is the highest common divisor of 10 and o?
10
Let q be (-12)/(-5)*15/2. Let h(t) = t**2 - 30*t + 65. Let f be h(28). What is the highest common factor of q and f?
9
Let h be (-2)/(8/(-20))*7. Suppose 5*n + h - 490 = 0. What is the greatest common divisor of 13 and n?
13
Suppose 2*r = -0*r + 32. Calculate the greatest common factor of r and 144.
16
Let x(d) = -2*d**3 - 2*d - 1. Let k be x(-1). What is the highest common diviso